{"id":946,"date":"2020-01-13T11:17:52","date_gmt":"2020-01-13T11:17:52","guid":{"rendered":"https:\/\/demosites.io\/marketing-agency-gb\/?page_id=5"},"modified":"2026-04-01T08:22:53","modified_gmt":"2026-04-01T06:22:53","slug":"bcd31-home","status":"publish","type":"page","link":"https:\/\/alinajugenheimer.de\/","title":{"rendered":"Home"},"content":{"rendered":"\n<div class=\"wp-block-cover alignfull\" style=\"min-height:800px;aspect-ratio:unset;\"><img loading=\"lazy\" decoding=\"async\" width=\"2560\" height=\"1920\" class=\"wp-block-cover__image-background wp-image-1010\" alt=\"\" src=\"https:\/\/alinaj.uber.space\/wp-content\/uploads\/2024\/08\/IMG_5200-scaled.jpg\" style=\"object-position:100% 100%\" data-object-fit=\"cover\" data-object-position=\"100% 100%\" srcset=\"https:\/\/alinajugenheimer.de\/wp-content\/uploads\/2024\/08\/IMG_5200-scaled.jpg 2560w, https:\/\/alinajugenheimer.de\/wp-content\/uploads\/2024\/08\/IMG_5200-300x225.jpg 300w, https:\/\/alinajugenheimer.de\/wp-content\/uploads\/2024\/08\/IMG_5200-1024x768.jpg 1024w, https:\/\/alinajugenheimer.de\/wp-content\/uploads\/2024\/08\/IMG_5200-768x576.jpg 768w, https:\/\/alinajugenheimer.de\/wp-content\/uploads\/2024\/08\/IMG_5200-1536x1152.jpg 1536w, https:\/\/alinajugenheimer.de\/wp-content\/uploads\/2024\/08\/IMG_5200-2048x1536.jpg 2048w\" sizes=\"auto, (max-width: 2560px) 100vw, 2560px\" \/><span aria-hidden=\"true\" class=\"wp-block-cover__background has-nv-dark-bg-background-color has-background-dim-10 has-background-dim\"><\/span><div class=\"wp-block-cover__inner-container is-layout-flow wp-block-cover-is-layout-flow\">\n<div class=\"wp-block-columns are-vertically-aligned-center is-layout-flex wp-container-core-columns-is-layout-9d6595d7 wp-block-columns-is-layout-flex\">\n<div class=\"wp-block-column is-vertically-aligned-center is-layout-flow wp-block-column-is-layout-flow\"><\/div>\n\n\n\n<div class=\"wp-block-column is-vertically-aligned-center is-layout-flow wp-block-column-is-layout-flow\" style=\"padding-right:var(--wp--preset--spacing--20);padding-left:var(--wp--preset--spacing--20);flex-basis:65%\">\n<div style=\"height:80px\" aria-hidden=\"true\" class=\"wp-block-spacer\"><\/div>\n\n\n\n<h1 class=\"wp-block-heading has-text-align-right has-nv-site-bg-color has-text-color\">Meine Arbeit<\/h1>\n\n\n\n<p class=\"has-text-align-right has-nv-text-dark-bg-color has-text-color\" style=\"font-size:17px\">Ich arbeite zu Antifeminismus und Rechtsextremismus und deren Verschr\u00e4nkungen mit anderen Dimensionen der Ungleichheit. Au\u00dferdem besch\u00e4ftige ich mich mit diesen Ph\u00e4nomenen im Kontext politischer Bildung und Sozialer Arbeit. Neben Forschung zu den Themen bin ich freiberuflich als Referentin und politische Bildnerin t\u00e4tig.<\/p>\n\n\n\n<div style=\"height:100px\" aria-hidden=\"true\" class=\"wp-block-spacer\"><\/div>\n<\/div>\n<\/div>\n<\/div><\/div>\n\n\n\n<div style=\"height:120px\" aria-hidden=\"true\" id=\"topics\" class=\"wp-block-spacer\"><\/div>\n\n\n\n<h2 class=\"wp-block-heading has-text-align-center\">Themen<\/h2>\n\n\n\n<div class=\"wp-block-columns is-layout-flex wp-container-core-columns-is-layout-9d6595d7 wp-block-columns-is-layout-flex\">\n<div class=\"wp-block-column neve-duotone is-layout-flow wp-block-column-is-layout-flow\" style=\"padding-right:var(--wp--preset--spacing--30);padding-left:var(--wp--preset--spacing--30)\">\n<div id=\"wp-block-themeisle-blocks-font-awesome-icons-bd4b91cf\" class=\"wp-block-themeisle-blocks-font-awesome-icons\"><span class=\"wp-block-themeisle-blocks-font-awesome-icons-container\"><i class=\"fas fa-archive\"><\/i><\/span><\/div>\n\n\n\n<h3 class=\"wp-block-heading has-text-align-center has-neve-text-color-color has-text-color\">Antifeminismus<\/h3>\n<\/div>\n\n\n\n<div class=\"wp-block-column is-layout-flow wp-block-column-is-layout-flow\" style=\"padding-right:var(--wp--preset--spacing--30);padding-left:var(--wp--preset--spacing--30)\">\n<div id=\"wp-block-themeisle-blocks-font-awesome-icons-7641ba55\" class=\"wp-block-themeisle-blocks-font-awesome-icons\"><span class=\"wp-block-themeisle-blocks-font-awesome-icons-container\"><i class=\"fab fa-bitbucket\"><\/i><\/span><\/div>\n\n\n\n<h3 class=\"wp-block-heading has-text-align-center has-neve-text-color-color has-text-color\">Rechtsextremismus<\/h3>\n<\/div>\n\n\n\n<div class=\"wp-block-column is-layout-flow wp-block-column-is-layout-flow\" style=\"padding-right:var(--wp--preset--spacing--30);padding-left:var(--wp--preset--spacing--30)\">\n<div id=\"wp-block-themeisle-blocks-font-awesome-icons-ac77b126\" class=\"wp-block-themeisle-blocks-font-awesome-icons\"><span class=\"wp-block-themeisle-blocks-font-awesome-icons-container\"><i class=\"fas fa-border-style\"><\/i><\/span><\/div>\n\n\n\n<h3 class=\"wp-block-heading has-text-align-center has-neve-text-color-color has-text-color\">Verschw\u00f6rungserz\u00e4hlungen<\/h3>\n<\/div>\n<\/div>\n\n\n\n<div class=\"wp-block-cover alignfull\" style=\"min-height:1212px;aspect-ratio:unset;\" id=\"article\"><span aria-hidden=\"true\" class=\"wp-block-cover__background has-nv-light-bg-background-color has-background-dim-80 has-background-dim\"><\/span><div class=\"wp-block-cover__inner-container is-layout-flow wp-block-cover-is-layout-flow\">\n<div class=\"wp-block-group\"><div class=\"wp-block-group__inner-container is-layout-flow wp-block-group-is-layout-flow\">\n<div style=\"height:120px\" aria-hidden=\"true\" class=\"wp-block-spacer\"><\/div>\n\n\n\n<div class=\"wp-block-columns is-layout-flex wp-container-core-columns-is-layout-9d6595d7 wp-block-columns-is-layout-flex\">\n<div class=\"wp-block-column is-layout-flow wp-block-column-is-layout-flow\" style=\"padding-right:0;padding-left:0;flex-basis:20%\">\n<div class=\"wp-block-group is-vertical is-content-justification-center is-layout-flex wp-container-core-group-is-layout-4b2eccd6 wp-block-group-is-layout-flex\"><\/div>\n<\/div>\n\n\n\n<div class=\"wp-block-column is-layout-flow wp-block-column-is-layout-flow\" style=\"flex-basis:60%\">\n<div class=\"wp-block-group is-vertical is-content-justification-center is-layout-flex wp-container-core-group-is-layout-4b2eccd6 wp-block-group-is-layout-flex\">\n<h2 class=\"wp-block-heading has-text-align-center has-neve-text-color-color has-text-color has-link-color wp-elements-fa8bd3ce6a410fac04535cb6d412badd\">Publikationen<\/h2>\n\n\n\n<div style=\"height:0px\" aria-hidden=\"true\" class=\"wp-block-spacer wp-container-content-541a6b20\"><\/div>\n<\/div>\n<\/div>\n\n\n\n<div class=\"wp-block-column is-layout-flow wp-block-column-is-layout-flow\" style=\"flex-basis:20%\">\n<div class=\"wp-block-group is-vertical is-content-justification-center is-layout-flex wp-container-core-group-is-layout-4b2eccd6 wp-block-group-is-layout-flex\"><\/div>\n<\/div>\n<\/div>\n\n\n\n<div class=\"wp-block-columns are-vertically-aligned-top is-layout-flex wp-container-core-columns-is-layout-9d6595d7 wp-block-columns-is-layout-flex\">\n<div class=\"wp-block-column is-vertically-aligned-top is-layout-flow wp-block-column-is-layout-flow\" style=\"padding-right:var(--wp--preset--spacing--30);padding-left:var(--wp--preset--spacing--30);flex-basis:50%\">\n<h3 class=\"wp-block-heading has-text-align-center has-neve-text-color-color has-text-color\">Artikel<\/h3>\n\n\n\n<ul class=\"wp-block-list has-neve-text-color-color has-text-color has-link-color wp-elements-b6f0dee29985fa3767e2a1b5b68ca810\">\n<li>Jugenheimer, Alina (2025). Constructions of Threats to the \u201cVolk\u201d in Right-Wing Online Discourses and Their Reinforcement by Cosmopolitan Processes. In: Lenehan, Fergal &amp; Lietz, Roman (Hrsg.), <a href=\"https:\/\/www.transcript-verlag.de\/978-3-8376-7532-0\/reimagining-digital-cosmopolitanism\/?number=978-3-8394-7532-4\">Reimagining Digital Cosmopolitanism. Perspectives from a Postmigrant and Postdigital World<\/a>. Bielefeld: Transcript, S. 223-242.<\/li>\n\n\n\n<li>F\u00fcr den Arbeitskreis deutscher Bildungsst\u00e4tten e.V. (2025). <a href=\"https:\/\/www.adb.de\/system\/files?file=2025-06\/2025-kompetenzprofil-broschuere.pdf\">kompetent. politisch. bilden. Kompetenzprofil f\u00fcr Fachkr\u00e4fte der au\u00dferschulischen politischen Bildung<\/a>. Herausgeber: Arbeitskreis deutscher Bildungsst\u00e4tten e. V. (AdB).<\/li>\n\n\n\n<li>Jugenheimer, Alina &amp; Sander, Nina (2023). <a href=\"https:\/\/www.idaev.de\/fileadmin\/user_upload\/pdf\/publikationen\/Reader\/2023_Antifeminismus_korrigiert.pdf\">Antifeminismus als ein tragendes Element extrem rechter Ideologien im Online-Kontext<\/a>. In: Antifeminismus und Feminismen in der Migrationsgesellschaft \u2013 Reader des Informations- und Dokumentationszentrum f\u00fcr Antirassismusarbeit e.V: S. 23-26.&nbsp;<\/li>\n\n\n\n<li>Jugenheimer, Alina &amp; Sander, Nina (2023). <a href=\"https:\/\/fachzeitschrift.adb.de\/gender-und-diversity-im-fokus-von-angriffen\/\">Gender und Diversity im Fokus von Angriffen<\/a>. In: Au\u00dferschulische Bildung 4: S. 12-17.<\/li>\n\n\n\n<li>Sander, Nina &amp; Jugenheimer, Alina (2023). <a href=\"https:\/\/www.kinder-undjugendarbeit.de\/index.php?id=121\">Antifeminismus im Netz. Erkennen und entgegen wirken<\/a>. In: Forum f\u00fcr Kinder- und Jugendarbeit 39(1): S. 15-21.&nbsp;<\/li>\n\n\n\n<li>Jugenheimer, Alina (2022). <a href=\"https:\/\/zs.thulb.uni-jena.de\/receive\/jportal_jparticle_01266056\">Drohende Dystopie: Diskursive Bedrohungskonstruktionen auf Grund von Ma\u00dfnahmen zur Eind\u00e4mmung der Covid-19-Pandemie auf antifeministischen Webseiten.<\/a> In: Interculture Journal, 21(36): S. 169-187.<\/li>\n\n\n\n<li>Jugenheimer, Alina; Pereyra, Carmen &amp; Sch\u00f6bel, S\u00f6ren (2022).&nbsp; <a href=\"https:\/\/www.budrich-journals.de\/index.php\/zrex\/article\/view\/39604\">\u201eFrauenrasse dominiert und wird bevorteilt an jeder ecke\u201c \u2013 Elemente rechtsextremer Diskursstrategien in der Online-Debatte \u00fcber Abtreibungsrechte.<\/a> In: Zeitschrift f\u00fcr Rechtsextremismusforschung, 2(1): S. 159-179.<\/li>\n\n\n\n<li>Sander, Nina &amp; Jugenheimer, Alina (2022). <a href=\"https:\/\/api.politischbilden.de\/documents\/635a93ae26ea71.88990643.pdf\">Antifeminismus im Netz. Erkennen und entgegen wirken.<\/a> In: politischbilden.de.<\/li>\n<\/ul>\n\n\n\n<div style=\"height:40px\" aria-hidden=\"true\" class=\"wp-block-spacer\"><\/div>\n<\/div>\n\n\n\n<div class=\"wp-block-column is-vertically-aligned-top is-layout-flow wp-block-column-is-layout-flow\" style=\"padding-right:var(--wp--preset--spacing--30);padding-left:var(--wp--preset--spacing--30);flex-basis:50%\">\n<h3 class=\"wp-block-heading has-text-align-center has-neve-text-color-color has-text-color\">Vortr\u00e4ge<\/h3>\n\n\n\n<ul class=\"wp-block-list has-neve-text-color-color has-text-color has-link-color wp-elements-7038df2147da382ccfd5921cf6e053a3\">\n<li>19. M\u00e4rz 2026: Fachtagung &#8222;Gewerkschaften und Rechtsextremismus&#8220; der GEW Hessen, Podiumsdiskussion mit Input zu <a href=\"https:\/\/www.youtube.com\/watch?v=lTdyuLpRWz0\">\u201e<\/a>Anti-Gender-Politik als Br\u00fcckenkopf der Rechtsextremen\u201c<\/li>\n\n\n\n<li>30. Juni 2023: Online- Konferenz des Forschungsprojektes ReDICo \u201cCosmopolitanism in a Postdigital, Postmigrant Europe, and Beyond\u201d, Input <a href=\"https:\/\/www.youtube.com\/watch?v=lTdyuLpRWz0\">\u201e<\/a>Constructions of Threat to the \u00bbVolk\u00ab in Right-Wing Online Discourses\u201c<\/li>\n\n\n\n<li>01. Juni 2022: Online-Veranstaltung des Institut f\u00fcr Demokratie und Zivilgesellschaft zur dritten Ausgabe der ZRex: \u201eRechtsextreme Online-Diskursstrategien, Kommunikationsmittel und Influencer:innen\u201c, Input \u201eFrauenrasse dominiert und wird bevorteilt an jeder ecke\u201c \u2013 Elemente rechtsextremer Diskursstrategien in der Online-Debatte \u00fcber Abtreibungsrechte\u201c<\/li>\n<\/ul>\n\n\n\n<div style=\"height:40px\" aria-hidden=\"true\" class=\"wp-block-spacer\"><\/div>\n<\/div>\n<\/div>\n<\/div><\/div>\n<\/div><\/div>\n\n\n\n<div style=\"height:120px\" aria-hidden=\"true\" id=\"contact\" class=\"wp-block-spacer\"><\/div>\n\n\n\n<h2 class=\"wp-block-heading has-text-align-center\">Kontakt<\/h2>\n\n\n\n<p class=\"has-text-align-left\">Bei Anfragen oder weiteren Fragen zu meiner Arbeit, freue ich mich \u00fcber eine Nachricht. <\/p>\n\n\n\n<div class=\"wp-block-cover alignfull has-nv-text-dark-bg-color has-text-color has-link-color wp-elements-8a31ab0116e7789bc730ddcb18e57932\" style=\"min-height:420px;aspect-ratio:unset;\" id=\"contact\"><span aria-hidden=\"true\" class=\"wp-block-cover__background has-nv-site-bg-background-color has-background-dim-100 has-background-dim\"><\/span><div class=\"wp-block-cover__inner-container is-layout-flow wp-block-cover-is-layout-flow\">\n<div style=\"height:0px\" aria-hidden=\"true\" class=\"wp-block-spacer\"><\/div>\n\n\n\n<div id=\"wp-block-themeisle-blocks-form-8145ac4b\" class=\"wp-block-themeisle-blocks-form has-captcha\" data-option-name=\"bf9b28ff82ce323187abc5d0feb0d8f07ecd8436_8145ac4b\"><form class=\"otter-form__container\">\n<div id=\"wp-block-themeisle-blocks-form-input-64a8940f\" class=\"wp-block-themeisle-blocks-form-input\"><label for=\"wp-block-themeisle-blocks-form-input-64a8940f-input\" class=\"otter-form-input-label\"><span class=\"otter-form-input-label__label\">Name<\/span><span class=\"required\">*<\/span><\/label><input type=\"text\" id=\"wp-block-themeisle-blocks-form-input-64a8940f-input\" required class=\"otter-form-input\"\/><\/div>\n\n\n\n<div id=\"wp-block-themeisle-blocks-form-input-9345793c\" class=\"wp-block-themeisle-blocks-form-input\"><label for=\"wp-block-themeisle-blocks-form-input-9345793c-input\" class=\"otter-form-input-label\"><span class=\"otter-form-input-label__label\">Email<\/span><span class=\"required\">*<\/span><\/label><input type=\"email\" id=\"wp-block-themeisle-blocks-form-input-9345793c-input\" required class=\"otter-form-input\"\/><\/div>\n\n\n<div class=\"protection\" aria-hidden=\"true\"><input type=\"hidden\" id=\"wp-block-themeisle-blocks-form-8145ac4b_nonce_field\" name=\"wp-block-themeisle-blocks-form-8145ac4b_nonce_field\" value=\"bca8903929\" \/><input type=\"hidden\" name=\"_wp_http_referer\" value=\"\/index.php?rest_route=%2Fwp%2Fv2%2Fpages%2F946\" \/><input class=\"o-anti-bot\" type=\"checkbox\"><\/div>\n\n\n<div id=\"wp-block-themeisle-blocks-form-input-aa021be0\" class=\"wp-block-themeisle-blocks-form-input\"><label for=\"wp-block-themeisle-blocks-form-input-aa021be0-input\" class=\"otter-form-input-label\"><span class=\"otter-form-input-label__label\">Betreff<\/span><\/label><input type=\"text\" id=\"wp-block-themeisle-blocks-form-input-aa021be0-input\" class=\"otter-form-input\"\/><\/div>\n\n\n\n<div id=\"wp-block-themeisle-blocks-form-textarea-9caad544\" class=\"wp-block-themeisle-blocks-form-textarea\"><label for=\"wp-block-themeisle-blocks-form-textarea-9caad544-input\" class=\"otter-form-textarea-label\"><span class=\"otter-form-textarea-label__label\">Nachricht<\/span><\/label><textarea id=\"wp-block-themeisle-blocks-form-textarea-9caad544-input\" rows=\"10\" class=\"otter-form-textarea-input\"><\/textarea><\/div>\n\n\n\n<p class=\"has-extra-small-font-size\"><\/p>\n<div class=\"wp-block-button\"><button class=\"wp-block-button__link\" type=\"submit\">Submit<\/button><\/div><\/form><\/div>\n<\/div><\/div>\n\n\n\n<div style=\"height:100px\" aria-hidden=\"true\" class=\"wp-block-spacer\"><\/div>\n","protected":false},"excerpt":{"rendered":"<p>Themen Antifeminismus Rechtsextremismus Verschw\u00f6rungserz\u00e4hlungen Kontakt Bei Anfragen oder weiteren Fragen zu meiner Arbeit, freue ich mich \u00fcber eine Nachricht.<\/p>\n","protected":false},"author":1,"featured_media":0,"parent":0,"menu_order":0,"comment_status":"closed","ping_status":"closed","template":"","meta":{"neve_meta_sidebar":"default","neve_meta_container":"default","neve_meta_enable_content_width":"on","neve_meta_content_width":100,"neve_meta_title_alignment":"","neve_meta_author_avatar":"","neve_post_elements_order":"","neve_meta_disable_header":"","neve_meta_disable_footer":"","neve_meta_disable_title":"on","_themeisle_gutenberg_block_has_review":false,"footnotes":""},"class_list":["post-946","page","type-page","status-publish","hentry"],"_links":{"self":[{"href":"https:\/\/alinajugenheimer.de\/index.php?rest_route=\/wp\/v2\/pages\/946","targetHints":{"allow":["GET"]}}],"collection":[{"href":"https:\/\/alinajugenheimer.de\/index.php?rest_route=\/wp\/v2\/pages"}],"about":[{"href":"https:\/\/alinajugenheimer.de\/index.php?rest_route=\/wp\/v2\/types\/page"}],"author":[{"embeddable":true,"href":"https:\/\/alinajugenheimer.de\/index.php?rest_route=\/wp\/v2\/users\/1"}],"replies":[{"embeddable":true,"href":"https:\/\/alinajugenheimer.de\/index.php?rest_route=%2Fwp%2Fv2%2Fcomments&post=946"}],"version-history":[{"count":47,"href":"https:\/\/alinajugenheimer.de\/index.php?rest_route=\/wp\/v2\/pages\/946\/revisions"}],"predecessor-version":[{"id":1101,"href":"https:\/\/alinajugenheimer.de\/index.php?rest_route=\/wp\/v2\/pages\/946\/revisions\/1101"}],"wp:attachment":[{"href":"https:\/\/alinajugenheimer.de\/index.php?rest_route=%2Fwp%2Fv2%2Fmedia&parent=946"}],"curies":[{"name":"wp","href":"https:\/\/api.w.org\/{rel}","templated":true}]}}